hat is the ten thousands digit of z?
2
Let f = -105 - -105. Suppose -3*a - 3*v + 960 = f, 3*a - 3*v - 956 = -5*v. What is the hundreds digit of a?
3
Let l(v) = 1391*v**2 - 426*v + 2208. What is the thousands digit of l(5)?
4
Let b(n) = -14 - 12*n**2 + 5 + n**3 + 6 + 12 - 5*n**2. What is the units digit of b(20)?
9
Suppose 30*m + 233490 = -23*m + 59*m. What is the units digit of m?
5
Let m(a) be the second derivative of a**6/15 + a**5/120 + a**4/24 - 5*a**3/3 - 13*a. Let f(k) be the second derivative of m(k). What is the tens digit of f(2)?
9
Let t(c) = c**2 - 25*c - 146. Let g be t(-5). Suppose 0 = -g*r - l + 3769, 2253 = 3*r - 4*l - 569. What is the units digit of r?
2
Suppose 3*z = -5*g + 59780, -34498 = -5*z + g + 65070. What is the thousands digit of z?
9
Suppose 857 = 8*c - 4743. Suppose 33*h - 28*h - c = -t, 4*h = -t + 700. What is the tens digit of t?
0
Let b(l) = -l**2 + 8*l. Let m be b(6). Suppose -7*t + m = -2. Suppose 0 = 6*a - 4*a + t*y - 80, -205 = -4*a + 5*y. What is the units digit of a?
5
What is the tens digit of (((-94)/329)/(0 + 1))/((-1)/10003)?
5
Let g = 42388 + -22961. What is the tens digit of g?
2
Let u = 822 + -1190. Let g be (u/10)/((-32)/80). Let b = g - 38. What is the tens digit of b?
5
What is the hundreds digit of (4 - (-170472)/9)/((-114)/(-171))?
4
Let m = -13032 - -23952. What is the ten thousands digit of m?
1
Let z = 3552 - 3481. Suppose -3*x + 2*q = -373, -5*x = -2*q - q - 621. Let o = x - z. What is the tens digit of o?
5
Suppose 313705 - 6222742 = -227*t. What is the ten thousands digit of t?
2
Let n = -7249 - -12501. Suppose 0 = -13*t + 598 + n. What is the hundreds digit of t?
4
Let z(t) = -t**2 - 22*t - 55. Let f be (15/20)/(10/(-240)). What is the units digit of z(f)?
7
Let z = 130 + -106. Suppose z*s - 14106 - 11790 = 0. What is the units digit of s?
9
Suppose -6*a + 5*b - 19 = -4*a, 0 = a + 2*b - 13. Let v be -2 + (2 - 0) + a - -1. Suppose -3*j + 237 = v*p + p, -210 = -3*j + 4*p. What is the tens digit of j?
7
Let g(w) = 2605*w**2 - 42*w - 248. What is the thousands digit of g(-4)?
1
Suppose -3*t + 4 = -5*s + s, 3*t + 5 = -5*s. Let b(l) = -2*l**2 - l - 1. Let x be b(s). What is the tens digit of 34*(-1 - 5/x)?
5
Suppose 26*o - 322713 + 100621 = 0. What is the tens digit of o?
4
Suppose 0 = 17*i + 23*i - 160. Suppose i*a - 5630 = -a. What is the units digit of a?
6
Suppose -141 - 615 = 4*t. Let u = t - -121. Let w = u + 111. What is the units digit of w?
3
Suppose -6*j = -57 - 9. Suppose -20*a + 7092 = -j*a. What is the hundreds digit of a?
7
Let t = 1651 + 3663. What is the tens digit of t?
1
Suppose -5*c + 22649 = r, -c = -0*c - 4*r - 4513. What is the units digit of c?
9
Let m(p) = 356*p + 4327. What is the thousands digit of m(0)?
4
Let d = 2 + -4. Let q(r) = -17*r**3 - 2*r**2 + 9*r - 7. Let n(k) = -9*k**3 + 4*k - 3. Let c(i) = 5*n(i) - 2*q(i). What is the units digit of c(d)?
9
Let b be (-8)/20*(32/4 - -4462). Let s = 2834 + -4618. What is the hundreds digit of ((-4)/(-12))/(1 - s/b)?
1
Suppose 2283182 = 140*f - 8667338. What is the ten thousands digit of f?
7
Let z = -87 - -136. Suppose -48*v + z*v - 204 = 0. What is the tens digit of v?
0
What is the thousands digit of ((-201040)/70)/(1 + -2) + -2?
2
Suppose -353*l = -103*l - 23549500. What is the thousands digit of l?
4
Let m be 4 + -5 + 15/3 - -5406. What is the hundreds digit of 1/(-4) - (m/(-8) + -5)?
6
Let d(z) = -z**2 + 6*z + 2. Let t be d(7). What is the units digit of (-54)/(42/(-6) - t)?
7
Let d = 3413 - 1256. What is the hundreds digit of d?
1
Let n(x) = 14*x - 150. Let k be n(11). Suppose 0 = -9*g - k*g + 3146. What is the tens digit of g?
4
Suppose 0*l = -2*l + 432. Let v be ((-1)/(-2))/((-6)/l). Let c = v - -108. What is the tens digit of c?
9
Suppose -6*w = -2*w + 44. Let c = w + -5. What is the units digit of (-16)/((-12)/c + -1)?
4
Let i be (-14)/(-4)*54 - 1. Suppose 0 = -29*v + 4529 - 1368. Let x = i - v. What is the tens digit of x?
7
Let j(s) = -s**2 + 62*s + 5. Suppose -24*t = 2*t - 208. What is the units digit of j(t)?
7
Let c = -74 - -96. Suppose c*k = 4*k + 29286. What is the thousands digit of k?
1
Suppose -4*j - 69 = 3*k + 67, -3*j - 92 = 2*k. Let o = -44 - k. What is the units digit of o/(-18) + (-421)/(-9)?
7
Let o(t) be the second derivative of -3*t**5/10 - t**4/6 + t**3/6 + t**2 + 2*t + 11. Let n be o(3). Let i = n + 478. What is the units digit of i?
3
Let v = -79 + 82. Suppose 5*q = -3*p + 31, -v*p + q = -2 - 17. Let s = p + 164. What is the hundreds digit of s?
1
Let f = 278 + -709. Let r = 98 - f. What is the hundreds digit of r?
5
What is the tens digit of (7 - 2594/(-3))*6?
3
Suppose o - 8*p + 12*p = 2082, 5*o - 5*p - 10485 = 0. Suppose -5*w + z - 3*z + o = 0, -3*w + 1245 = 5*z. What is the units digit of w?
0
Let a(c) = -c**3 - 14*c**2 + 54*c + 82. What is the units digit of a(-20)?
2
Suppose 0 = 2*f + 2 - 8. Suppose -g + f*g - 39 = -5*p, 0 = -2*g + 2*p + 60. What is the tens digit of (10/(3 + -1))/1*g?
3
Let t(k) = 2*k - 39. Suppose 3*n = -3*v + 93 - 15, 3*v + 2*n - 73 = 0. Let j be t(v). Suppose -f + 540 = j*f. What is the hundreds digit of f?
1
Let a = -14583 - -28474. What is the units digit of a?
1
Let i(p) = -2*p - 20. Let k be i(-18). Suppose 6 - 2 = 2*h - r, -h + 5*r = k. Suppose -h*o + 484 = -0*o. What is the tens digit of o?
2
Let h = -21 - -22. Let d be (1 - (h - 1))*-11. What is the units digit of (-1)/3*(d + -7)?
6
Let c be 2/7 + (-132)/462. Suppose c = 3*x - n - 6958 + 1381, 0 = -4*x - 2*n + 7436. What is the tens digit of x?
5
Let n be 7/1 + -3 + -4. Suppose -o + 2 + 144 = n. Suppose -w = w - o. What is the units digit of w?
3
Suppose h - 2 = 0, 9*g + 5*h + 918 = 5*g. Let z = 343 + g. What is the tens digit of z?
1
Suppose 88*c - 3179132 = -163*c + 2869466. What is the ten thousands digit of c?
2
Let g(n) = 56*n**2 + 8*n + 3. What is the hundreds digit of g(-4)?
8
Let c(u) = -165*u + 2372. What is the tens digit of c(-46)?
6
Suppose 2224 = 9*x - 2105. Let p = x - 13. What is the tens digit of p?
6
Let y = -38405 + 59012. What is the units digit of y?
7
Let g(c) = c**2 + c - 1. Let l(q) = 4*q**2 - 6*q + 24. Let i(m) = 5*g(m) - l(m). Let a be i(-13). What is the units digit of -3*(-2)/a + 126 + -3?
1
Suppose -43 = x - 5*p, x + 23 = -p - 2. What is the hundreds digit of (-42540)/x + (-3 - 76/(-28))?
5
Let b(k) = k**2 + 9*k + 23. Let o be b(-7). Suppose o*d - 94 = 2309. What is the tens digit of d?
6
Let o = -119 + 12. Let m = o - -490. What is the units digit of m?
3
Suppose u + 32 = 158. Suppose u*x + 3080 = 130*x. What is the units digit of x?
0
Let a(l) = 231*l**2 + 348*l - 61. What is the thousands digit of a(-14)?
0
Let h = 747 + -176. Let f = h + 199. Let c = -540 + f. What is the hundreds digit of c?
2
Suppose 66 + 0 = 6*y. Let u be 1*(-1 + (-3 - y)). What is the tens digit of 3/2*(-790)/u?
7
Suppose -58*v + 5*u = -53*v - 6460, -v = u - 1296. What is the tens digit of v?
9
Let k = 923 + -5773. Let o be (4/5)/((-20)/k). Suppose -3*b - y = -o - 240, 0 = 4*y + 16. What is the hundreds digit of b?
1
Let v(u) = -u**3 + 2*u**2 + 2*u + 228. Let y be v(0). Let k = 120 - y. Let q = 291 + k. What is the hundreds digit of q?
1
Suppose -i = -12 + 7. Suppose -2*r + 1356 = -4*o + 2*o, -i*o + r = 3398. Let a = -437 - o. What is the tens digit of a?
4
Suppose -5*n - 29585 = -5*s, -3880 = -s - 5*n + 2055. What is the units digit of s?
0
What is the units digit of 1485470/245 + 5/(-35)?
3
Suppose -67*t + 84 = 3*b - 64*t, 0 = -4*t + 12. What is the units digit of b?
5
Suppose -4*x + 0*x + 2*l + 20 = 0, 0 = 2*l + 4. Suppose x*k = 2*t - 2024, 0 = -3*t - 3*k - 1936 + 4945. Suppose -542 = -9*g + t. What is the units digit of g?
2
Let k(w) = 33*w - 2. Let h be (870/16)/3 + (-7)/56. Let t be 132/h - 8/6. What is the units digit of k(t)?
6
Suppose -3*p + f + 16155 = 0, 0*f + 6*f = 18. What is the tens digit of p?
8
Suppose -16*d + 11*d = -2*s - 7341, -3*d + 4409 = s. What is the thousands digit of d?
1
Let j(h) = h**3 + 10*h**2 + 11*h - 6. Let w be j(-9). Let f = -30 - w. What is the units digit of (22 - 4)*f/(-9)?
2
Let n be ((-3)/(-6))/(4/5128). Let d = n - -90. What is the hundreds digit of d?
7
Let n(t) = t**3 + 8*t**2 - 21*t - 7. Let m(k) = 2*k**3 + 17*k**2 - 42*k - 14. Let r(c) = -3*m(c) + 5*n(c). What i